on divisor of 32398 and 2004.
334
What is the greatest common divisor of 648 and 19926?
162
Calculate the greatest common divisor of 21828 and 348.
12
What is the highest common factor of 39790 and 55?
5
Calculate the highest common factor of 390 and 46930.
130
Calculate the greatest common factor of 1236 and 5965554.
618
What is the greatest common factor of 3458 and 665?
133
What is the greatest common divisor of 6994 and 754?
26
What is the greatest common factor of 198 and 1611?
9
Calculate the greatest common factor of 28 and 106204.
28
What is the highest common factor of 974808 and 8?
8
Calculate the greatest common factor of 18 and 43074.
18
Calculate the greatest common divisor of 30 and 264520.
10
What is the greatest common divisor of 133562 and 572?
286
What is the highest common divisor of 564936 and 24?
24
Calculate the greatest common divisor of 3162 and 15438.
186
Calculate the greatest common divisor of 9360 and 273195.
585
What is the greatest common divisor of 219594 and 12?
6
Calculate the greatest common divisor of 1779 and 723.
3
Calculate the highest common divisor of 66900 and 3300.
300
Calculate the highest common factor of 3008 and 564.
188
Calculate the greatest common factor of 2394 and 2109.
57
Calculate the greatest common divisor of 2710 and 4430.
10
Calculate the greatest common factor of 128 and 5688.
8
What is the greatest common factor of 28 and 180467?
7
Calculate the greatest common divisor of 105563 and 31.
1
What is the greatest common divisor of 64 and 122000?
16
What is the greatest common divisor of 97275 and 30?
15
What is the greatest common divisor of 169 and 28587?
13
What is the highest common divisor of 370 and 53095?
185
Calculate the highest common divisor of 7 and 90881.
7
Calculate the greatest common factor of 428 and 230371.
107
What is the greatest common divisor of 24 and 185988?
12
Calculate the greatest common factor of 528732 and 54.
18
What is the highest common divisor of 2892 and 2028?
12
What is the highest common factor of 12567 and 4899?
213
Calculate the highest common factor of 299062 and 2.
2
What is the highest common divisor of 8610 and 82?
82
What is the highest common divisor of 5429 and 27023?
61
Calculate the highest common factor of 64387 and 775.
31
Calculate the greatest common factor of 1953 and 150003.
63
What is the greatest common factor of 50 and 4898450?
50
What is the highest common divisor of 10769 and 445?
89
What is the highest common divisor of 994444 and 466?
466
Calculate the greatest common factor of 20 and 144630.
10
What is the highest common factor of 2388 and 139101?
597
Calculate the greatest common factor of 126 and 479409.
21
What is the highest common divisor of 103736 and 32?
8
Calculate the greatest common divisor of 266 and 1131830.
266
What is the highest common divisor of 357 and 28968?
51
What is the highest common divisor of 1326 and 389742?
102
What is the highest common divisor of 9 and 4893?
3
What is the greatest common divisor of 8949582 and 918?
918
Calculate the highest common divisor of 1038 and 141514.
346
Calculate the greatest common factor of 47069 and 9801.
121
Calculate the greatest common divisor of 1032 and 2760.
24
What is the highest common divisor of 10384 and 2398?
22
Calculate the highest common factor of 714 and 5389.
17
What is the highest common factor of 164 and 1805804?
164
Calculate the highest common factor of 214028 and 4.
4
What is the highest common divisor of 25228 and 14756?
476
Calculate the highest common divisor of 30943 and 388.
97
What is the greatest common divisor of 13 and 1332?
1
Calculate the greatest common divisor of 63675 and 2025.
225
Calculate the greatest common divisor of 1882 and 106.
2
Calculate the greatest common factor of 4631 and 20339.
11
Calculate the greatest common factor of 585 and 40335.
15
What is the highest common factor of 11165760 and 36?
36
Calculate the greatest common factor of 22 and 9297211.
11
Calculate the greatest common factor of 15 and 37980.
15
Calculate the greatest common divisor of 15 and 36965.
5
What is the greatest common divisor of 414 and 378?
18
What is the highest common divisor of 2957 and 1?
1
Calculate the highest common divisor of 1708 and 9028.
244
What is the greatest common divisor of 12078 and 15642?
198
What is the greatest common factor of 1122 and 47328?
102
What is the highest common divisor of 90 and 591210?
90
What is the highest common divisor of 10077 and 24?
3
What is the highest common divisor of 126 and 315434?
14
Calculate the highest common factor of 1773541 and 217.
217
Calculate the highest common factor of 1036 and 616.
28
Calculate the greatest common divisor of 705190 and 485.
485
What is the greatest common factor of 1467877 and 178?
89
Calculate the highest common divisor of 81 and 12447.
27
What is the highest common factor of 966 and 12600?
42
What is the highest common factor of 437 and 33440?
19
What is the greatest common factor of 454 and 4531147?
227
Calculate the greatest common divisor of 188 and 1995620.
188
What is the greatest common divisor of 808 and 248?
8
What is the highest common divisor of 108096 and 144?
48
What is the highest common divisor of 3020 and 376292?
604
Calculate the highest common factor of 2 and 372214.
2
What is the highest common divisor of 28231 and 110593?
259
What is the highest common factor of 96 and 2458944?
96
What is the greatest common factor of 20751 and 3?
3
What is the greatest common factor of 62486 and 314?
314
What is the greatest common divisor of 258 and 10266?
6
Calculate the greatest common divisor of 244 and 258884.
244
Calculate the highest common factor of 2168 and 983188.
1084
What is the highest common divisor of 5474 and 85?
17
What is the highest common divisor of 21697 and 26?
13
Calculate the greatest common divisor of 97320 and 75.
15
Calculate the greatest common divisor of 4228 and 616.
28
Calculate the greatest common divisor of 380 and 26068.
76
What is the greatest common factor of 127 and 138557?
127
What is the greatest common divisor of 4858 and 910?
14
Calculate the greatest common factor of 48 and 222276.
12
Calculate the highest common divisor of 3172 and 12220.
52
What is the greatest common divisor of 85 and 6770?
5
What is the greatest common factor of 116694 and 1350?
54
What is the greatest common factor of 705 and 245?
5
Calculate the highest common factor of 69 and 4099773.
69
Calculate the greatest common factor of 6328 and 12488.
56
What is the highest common divisor of 400 and 109480?
40
What is the highest common factor of 99312 and 336?
48
What is the highest common divisor of 134 and 3246?
2
Calculate the highest common divisor of 23647 and 364.
13
Calculate the highest common factor of 965 and 51531.
193
Calculate the greatest common divisor of 20510 and 385295.
1465
What is the greatest common divisor of 5610 and 126038?
374
What is the greatest common divisor of 9568 and 36?
4
What is the highest common factor of 65268 and 888?
444
Calculate the greatest common factor of 610456 and 616.
616
Calculate the highest common divisor of 5490 and 113094.
1098
Calculate the greatest common factor of 1886 and 1150.
46
Calculate the greatest common factor of 4216 and 3.
1
Calculate the greatest common divisor of 52 and 21762.
26
What is the greatest common factor of 174 and 1998?
6
What is the greatest common factor of 2052686 and 148?
74
What is the highest common divisor of 156888 and 48?
24
What is the highest common factor of 49 and 16415?
49
What is the greatest common factor of 344 and 1004?
4
Calculate the highest common factor of 46422 and 18.
18
What is the highest common divisor of 459 and 129591?
153
Calculate the greatest common factor of 156 and 167570.
26
Calculate the highest common divisor of 116153 and 41.
41
Calculate the highest common factor of 2480 and 176948.
124
Calculate the highest common divisor of 406 and 2062886.
406
Calculate the highest common divisor of 806 and 301134.
62
What is the highest common factor of 7030 and 38?
38
What is the greatest common divisor of 1115 and 277412?
223
What is the highest common factor of 5125538 and 47?
47
Calculate the highest common divisor of 1731159 and 20952.
2619
Calculate 